{"id":2565,"date":"2019-09-24T12:58:47","date_gmt":"2019-09-24T10:58:47","guid":{"rendered":"https:\/\/www.moblesurgell.com\/es\/?post_type=portfolio&#038;p=2565"},"modified":"2021-09-24T13:22:53","modified_gmt":"2021-09-24T11:22:53","slug":"una-zona-para-a-toda-la-familia","status":"publish","type":"portfolio","link":"https:\/\/www.moblesurgell.com\/es\/portfolio\/una-zona-para-a-toda-la-familia\/","title":{"rendered":"UNA ZONA PARA A TODA LA FAMILIA"},"content":{"rendered":"\t\t<div data-elementor-type=\"wp-post\" data-elementor-id=\"2565\" class=\"elementor elementor-2565\" data-elementor-post-type=\"portfolio\">\n\t\t\t\t\t\t<section class=\"has_ae_slider elementor-section elementor-top-section elementor-element elementor-element-102bb728 elementor-section-boxed elementor-section-height-default elementor-section-height-default ae-bg-gallery-type-default\" data-id=\"102bb728\" data-element_type=\"section\" data-e-type=\"section\">\n\t\t\t\t\t\t<div class=\"elementor-container elementor-column-gap-default\">\n\t\t\t\t\t<div class=\"has_ae_slider elementor-column elementor-col-100 elementor-top-column elementor-element elementor-element-1747d2d9 ae-bg-gallery-type-default\" data-id=\"1747d2d9\" data-element_type=\"column\" data-e-type=\"column\">\n\t\t\t<div class=\"elementor-widget-wrap elementor-element-populated\">\n\t\t\t\t\t\t<div class=\"elementor-element elementor-element-1a3129b3 elementor-widget elementor-widget-text-editor\" data-id=\"1a3129b3\" data-element_type=\"widget\" data-e-type=\"widget\" data-widget_type=\"text-editor.default\">\n\t\t\t\t<div class=\"elementor-widget-container\">\n\t\t\t\t\t\t\t\t\t<p><img fetchpriority=\"high\" decoding=\"async\" src=\"https:\/\/www.moblesurgell.com\/wp-content\/uploads\/5g4a0976-1024x720.jpg\" sizes=\"(max-width: 1024px) 100vw, 1024px\" srcset=\"https:\/\/www.moblesurgell.com\/wp-content\/uploads\/5g4a0976-1024x720.jpg 1024w, https:\/\/www.moblesurgell.com\/wp-content\/uploads\/5g4a0976-300x211.jpg 300w, https:\/\/www.moblesurgell.com\/wp-content\/uploads\/5g4a0976-768x540.jpg 768w, https:\/\/www.moblesurgell.com\/wp-content\/uploads\/5g4a0976-1536x1081.jpg 1536w, https:\/\/www.moblesurgell.com\/wp-content\/uploads\/5g4a0976-2048x1441.jpg 2048w\" alt=\"\" width=\"1024\" height=\"720\" \/><\/p><p>Se opt\u00f3 por instalar una cocina <a href=\"https:\/\/www.moblesurgell.com\/marca\/santos\"><strong>Santos<\/strong>,<\/a> por su calidad y dise\u00f1o, con un mostrador de roble y un acabado lacado de color azul. El color azul era uno de los factores que la familia ten\u00edan m\u00e1s claros, quer\u00edan una cocina azul, y nos pareci\u00f3 un color perfecto para ellos, logrando as\u00ed una cocina moderna, jovial y para todas las edades.<\/p><p>Se propuso un mostrador en forma de pen\u00ednsula, ya que de esta manera se aprovechaba el espacio de esquina y la luz natural que dispon\u00eda el ambiente. La parte posterior y que separaba la cocina de la sala de estar, se dot\u00f3 de estanter\u00edas, tambi\u00e9n con la misma madera de roble y el lacado azul del resto de cocina.<\/p><p>Adem\u00e1s, se a\u00f1adieron armarios y estantes en la parte central, siguiendo el mismo dise\u00f1o, y detalles como un contenedor para residuos org\u00e1nicos, empotrado en el mostrador.<\/p><p><img decoding=\"async\" src=\"https:\/\/www.moblesurgell.com\/wp-content\/uploads\/5g4a0985-1024x683.jpg\" sizes=\"(max-width: 1024px) 100vw, 1024px\" srcset=\"https:\/\/www.moblesurgell.com\/wp-content\/uploads\/5g4a0985-1024x683.jpg 1024w, https:\/\/www.moblesurgell.com\/wp-content\/uploads\/5g4a0985-300x200.jpg 300w, https:\/\/www.moblesurgell.com\/wp-content\/uploads\/5g4a0985-768x512.jpg 768w, https:\/\/www.moblesurgell.com\/wp-content\/uploads\/5g4a0985-1536x1025.jpg 1536w, https:\/\/www.moblesurgell.com\/wp-content\/uploads\/5g4a0985-2048x1366.jpg 2048w\" alt=\"\" width=\"1024\" height=\"683\" \/><br \/><img decoding=\"async\" src=\"https:\/\/www.moblesurgell.com\/wp-content\/uploads\/5g4a0986-1024x685.jpg\" sizes=\"(max-width: 1024px) 100vw, 1024px\" srcset=\"https:\/\/www.moblesurgell.com\/wp-content\/uploads\/5g4a0986-1024x685.jpg 1024w, https:\/\/www.moblesurgell.com\/wp-content\/uploads\/5g4a0986-300x201.jpg 300w, https:\/\/www.moblesurgell.com\/wp-content\/uploads\/5g4a0986-768x513.jpg 768w, https:\/\/www.moblesurgell.com\/wp-content\/uploads\/5g4a0986-1536x1027.jpg 1536w, https:\/\/www.moblesurgell.com\/wp-content\/uploads\/5g4a0986-2048x1369.jpg 2048w\" alt=\"\" width=\"1024\" height=\"685\" \/><br \/><img loading=\"lazy\" decoding=\"async\" src=\"https:\/\/www.moblesurgell.com\/wp-content\/uploads\/5g4a0983-1024x683.jpg\" sizes=\"(max-width: 1024px) 100vw, 1024px\" srcset=\"https:\/\/www.moblesurgell.com\/wp-content\/uploads\/5g4a0983-1024x683.jpg 1024w, https:\/\/www.moblesurgell.com\/wp-content\/uploads\/5g4a0983-300x200.jpg 300w, https:\/\/www.moblesurgell.com\/wp-content\/uploads\/5g4a0983-768x512.jpg 768w, https:\/\/www.moblesurgell.com\/wp-content\/uploads\/5g4a0983-1536x1024.jpg 1536w, https:\/\/www.moblesurgell.com\/wp-content\/uploads\/5g4a0983-2048x1365.jpg 2048w\" alt=\"\" width=\"1024\" height=\"683\" \/><br \/><img loading=\"lazy\" decoding=\"async\" src=\"https:\/\/www.moblesurgell.com\/wp-content\/uploads\/quadrada-802x1024.jpg\" sizes=\"(max-width: 802px) 100vw, 802px\" srcset=\"https:\/\/www.moblesurgell.com\/wp-content\/uploads\/quadrada-802x1024.jpg 802w, https:\/\/www.moblesurgell.com\/wp-content\/uploads\/quadrada-235x300.jpg 235w, https:\/\/www.moblesurgell.com\/wp-content\/uploads\/quadrada-768x980.jpg 768w, https:\/\/www.moblesurgell.com\/wp-content\/uploads\/quadrada-1204x1536.jpg 1204w, https:\/\/www.moblesurgell.com\/wp-content\/uploads\/quadrada-1605x2048.jpg 1605w, https:\/\/www.moblesurgell.com\/wp-content\/uploads\/quadrada-scaled.jpg 2006w\" alt=\"\" width=\"802\" height=\"1024\" \/><\/p><p>Se ha conservado la mesa redonda con las sillas y el banquete de madera, preservando as\u00ed la esencia hist\u00f3rica del espacio (no siempre hay que cambiarlo todo para hacer una reforma de \u00e9xito!). As\u00ed pues, manteniendo estos muebles, y a trav\u00e9s del proyecto, se ha conseguido la armon\u00eda deseada.<\/p><p>El resultado ha sido una cocina funcional para utilizar en las frecuentes visitas familiares, y as\u00ed poder disfrutar de grandes ratos en la terraza con los m\u00e1s peque\u00f1os, sin tener que desplazarse ni cambiar de planta.<\/p>\t\t\t\t\t\t\t\t<\/div>\n\t\t\t\t<\/div>\n\t\t\t\t\t<\/div>\n\t\t<\/div>\n\t\t\t\t\t<\/div>\n\t\t<\/section>\n\t\t\t\t<\/div>\n\t\t","protected":false},"featured_media":2583,"template":"","area":[11,16],"class_list":["post-2565","portfolio","type-portfolio","status-publish","has-post-thumbnail","hentry","area-hogar","area-cocina"],"acf":[],"_links":{"self":[{"href":"https:\/\/www.moblesurgell.com\/es\/wp-json\/wp\/v2\/portfolio\/2565","targetHints":{"allow":["GET"]}}],"collection":[{"href":"https:\/\/www.moblesurgell.com\/es\/wp-json\/wp\/v2\/portfolio"}],"about":[{"href":"https:\/\/www.moblesurgell.com\/es\/wp-json\/wp\/v2\/types\/portfolio"}],"version-history":[{"count":16,"href":"https:\/\/www.moblesurgell.com\/es\/wp-json\/wp\/v2\/portfolio\/2565\/revisions"}],"predecessor-version":[{"id":2590,"href":"https:\/\/www.moblesurgell.com\/es\/wp-json\/wp\/v2\/portfolio\/2565\/revisions\/2590"}],"wp:featuredmedia":[{"embeddable":true,"href":"https:\/\/www.moblesurgell.com\/es\/wp-json\/wp\/v2\/media\/2583"}],"wp:attachment":[{"href":"https:\/\/www.moblesurgell.com\/es\/wp-json\/wp\/v2\/media?parent=2565"}],"wp:term":[{"taxonomy":"area","embeddable":true,"href":"https:\/\/www.moblesurgell.com\/es\/wp-json\/wp\/v2\/area?post=2565"}],"curies":[{"name":"wp","href":"https:\/\/api.w.org\/{rel}","templated":true}]}}

<div data-elementor-type="wp-post" data-elementor-id="2565" class="elementor elementor-2565" data-elementor-post-type="portfolio">
						<section class="has_ae_slider elementor-section elementor-top-section elementor-element elementor-element-102bb728 elementor-section-boxed elementor-section-height-default elementor-section-height-default ae-bg-gallery-type-default" data-id="102bb728" data-element_type="section" data-e-type="section">
						<div class="elementor-container elementor-column-gap-default">
					<div class="has_ae_slider elementor-column elementor-col-100 elementor-top-column elementor-element elementor-element-1747d2d9 ae-bg-gallery-type-default" data-id="1747d2d9" data-element_type="column" data-e-type="column">
			<div class="elementor-widget-wrap elementor-element-populated">
						<div class="elementor-element elementor-element-1a3129b3 elementor-widget elementor-widget-text-editor" data-id="1a3129b3" data-element_type="widget" data-e-type="widget" data-widget_type="text-editor.default">
				<div class="elementor-widget-container">
									<p><img fetchpriority="high" decoding="async" src="https://www.moblesurgell.com/wp-content/uploads/5g4a0976-1024x720.jpg" sizes="(max-width: 1024px) 100vw, 1024px" srcset="https://www.moblesurgell.com/wp-content/uploads/5g4a0976-1024x720.jpg 1024w, https://www.moblesurgell.com/wp-content/uploads/5g4a0976-300x211.jpg 300w, https://www.moblesurgell.com/wp-content/uploads/5g4a0976-768x540.jpg 768w, https://www.moblesurgell.com/wp-content/uploads/5g4a0976-1536x1081.jpg 1536w, https://www.moblesurgell.com/wp-content/uploads/5g4a0976-2048x1441.jpg 2048w" alt="" width="1024" height="720" /></p><p>Se optó por instalar una cocina <a href="https://www.moblesurgell.com/marca/santos"><strong>Santos</strong>,</a> por su calidad y diseño, con un mostrador de roble y un acabado lacado de color azul. El color azul era uno de los factores que la familia tenían más claros, querían una cocina azul, y nos pareció un color perfecto para ellos, logrando así una cocina moderna, jovial y para todas las edades.</p><p>Se propuso un mostrador en forma de península, ya que de esta manera se aprovechaba el espacio de esquina y la luz natural que disponía el ambiente. La parte posterior y que separaba la cocina de la sala de estar, se dotó de estanterías, también con la misma madera de roble y el lacado azul del resto de cocina.</p><p>Además, se añadieron armarios y estantes en la parte central, siguiendo el mismo diseño, y detalles como un contenedor para residuos orgánicos, empotrado en el mostrador.</p><p><img decoding="async" src="https://www.moblesurgell.com/wp-content/uploads/5g4a0985-1024x683.jpg" sizes="(max-width: 1024px) 100vw, 1024px" srcset="https://www.moblesurgell.com/wp-content/uploads/5g4a0985-1024x683.jpg 1024w, https://www.moblesurgell.com/wp-content/uploads/5g4a0985-300x200.jpg 300w, https://www.moblesurgell.com/wp-content/uploads/5g4a0985-768x512.jpg 768w, https://www.moblesurgell.com/wp-content/uploads/5g4a0985-1536x1025.jpg 1536w, https://www.moblesurgell.com/wp-content/uploads/5g4a0985-2048x1366.jpg 2048w" alt="" width="1024" height="683" /><br /><img decoding="async" src="https://www.moblesurgell.com/wp-content/uploads/5g4a0986-1024x685.jpg" sizes="(max-width: 1024px) 100vw, 1024px" srcset="https://www.moblesurgell.com/wp-content/uploads/5g4a0986-1024x685.jpg 1024w, https://www.moblesurgell.com/wp-content/uploads/5g4a0986-300x201.jpg 300w, https://www.moblesurgell.com/wp-content/uploads/5g4a0986-768x513.jpg 768w, https://www.moblesurgell.com/wp-content/uploads/5g4a0986-1536x1027.jpg 1536w, https://www.moblesurgell.com/wp-content/uploads/5g4a0986-2048x1369.jpg 2048w" alt="" width="1024" height="685" /><br /><img loading="lazy" decoding="async" src="https://www.moblesurgell.com/wp-content/uploads/5g4a0983-1024x683.jpg" sizes="(max-width: 1024px) 100vw, 1024px" srcset="https://www.moblesurgell.com/wp-content/uploads/5g4a0983-1024x683.jpg 1024w, https://www.moblesurgell.com/wp-content/uploads/5g4a0983-300x200.jpg 300w, https://www.moblesurgell.com/wp-content/uploads/5g4a0983-768x512.jpg 768w, https://www.moblesurgell.com/wp-content/uploads/5g4a0983-1536x1024.jpg 1536w, https://www.moblesurgell.com/wp-content/uploads/5g4a0983-2048x1365.jpg 2048w" alt="" width="1024" height="683" /><br /><img loading="lazy" decoding="async" src="https://www.moblesurgell.com/wp-content/uploads/quadrada-802x1024.jpg" sizes="(max-width: 802px) 100vw, 802px" srcset="https://www.moblesurgell.com/wp-content/uploads/quadrada-802x1024.jpg 802w, https://www.moblesurgell.com/wp-content/uploads/quadrada-235x300.jpg 235w, https://www.moblesurgell.com/wp-content/uploads/quadrada-768x980.jpg 768w, https://www.moblesurgell.com/wp-content/uploads/quadrada-1204x1536.jpg 1204w, https://www.moblesurgell.com/wp-content/uploads/quadrada-1605x2048.jpg 1605w, https://www.moblesurgell.com/wp-content/uploads/quadrada-scaled.jpg 2006w" alt="" width="802" height="1024" /></p><p>Se ha conservado la mesa redonda con las sillas y el banquete de madera, preservando así la esencia histórica del espacio (no siempre hay que cambiarlo todo para hacer una reforma de éxito!). Así pues, manteniendo estos muebles, y a través del proyecto, se ha conseguido la armonía deseada.</p><p>El resultado ha sido una cocina funcional para utilizar en las frecuentes visitas familiares, y así poder disfrutar de grandes ratos en la terraza con los más pequeños, sin tener que desplazarse ni cambiar de planta.</p>								</div>
				</div>
					</div>
		</div>
					</div>
		</section>
				</div>
